{"id":3390,"date":"2015-12-30T19:37:26","date_gmt":"2015-12-30T18:37:26","guid":{"rendered":"http:\/\/serwer1310789.home.pl\/prowincja\/?page_id=3390"},"modified":"2020-08-12T19:51:01","modified_gmt":"2020-08-12T17:51:01","slug":"stoczek","status":"publish","type":"page","link":"https:\/\/www.franciszkanie-warszawa.pl\/?page_id=3390","title":{"rendered":"Stoczek"},"content":{"rendered":"<div   data-size='entry_with_sidebar'  data-lightbox_size='large'  data-animation='fade'  data-conditional_play=''  data-ids='3391'  data-video_counter='0'  data-autoplay='true'  data-bg_slider='false'  data-slide_height=''  data-handle='av_slideshow'  data-interval='5'  data-class=' avia-builder-el-0  el_before_av_one_full  avia-builder-el-first  '  data-el_id=''  data-css_id=''  data-scroll_down=''  data-control_layout='av-control-hidden'  data-custom_markup=''  data-perma_caption=''  data-autoplay_stopper=''  data-image_attachment=''  data-min_height='0px'  data-lazy_loading='disabled'  data-default-height='37.988165680473'  class='avia-slideshow avia-slideshow-1  av-control-hidden av-default-height-applied avia-slideshow-entry_with_sidebar av_slideshow  avia-builder-el-0  el_before_av_one_full  avia-builder-el-first   avia-fade-slider '  itemprop=\"image\" itemscope=\"itemscope\" itemtype=\"https:\/\/schema.org\/ImageObject\" ><ul class='avia-slideshow-inner ' style='padding-bottom: 57.321428571429%;' ><li  class=' av-single-slide slide-1 ' ><div data-rel='slideshow-1' class='avia-slide-wrap '   ><img decoding=\"async\" class=\"wp-image-3391 avia-img-lazy-loading-not-3391\"  src=\"https:\/\/www.franciszkanie-warszawa.pl\/wp-content\/uploads\/2015\/12\/039-560x321.jpg\" width=\"560\" height=\"321\" title='039' alt=''  itemprop=\"thumbnailUrl\"   \/><\/div><\/li><\/ul><\/div>\n<div class=\"flex_column av_one_full  av-animated-generic bottom-to-top  flex_column_div av-zero-column-padding first  avia-builder-el-1  el_after_av_slideshow  el_before_av_one_full  \" style='margin-top:0px; margin-bottom:-50px; border-radius:0px; '><p><div  style='padding-bottom:0px; ' class='av-special-heading av-special-heading-h2  blockquote modern-quote  avia-builder-el-2  el_before_av_hr  avia-builder-el-first  '><h2 class='av-special-heading-tag '  itemprop=\"headline\"  >Stoczek<\/h2><div class='special-heading-border'><div class='special-heading-inner-border' ><\/div><\/div><\/div><br \/>\n<div  style=' margin-top:10px; margin-bottom:10px;'  class='hr hr-custom hr-left hr-icon-no   avia-builder-el-3  el_after_av_heading  avia-builder-el-last '><span class='hr-inner  inner-border-av-border-fat' style=' width:50px; border-color:#efbb20;' ><span class='hr-inner-style'><\/span><\/span><\/div><\/p><\/div>\n<div class=\"flex_column av_one_full  av-animated-generic bottom-to-top  flex_column_div first  avia-builder-el-4  el_after_av_one_full  el_before_av_one_half  column-top-margin\" style='border-width:1px; border-color:#e1e1e1; border-style:solid; padding:20px; background-color:#fcfcfc; border-radius:0px; '><section class=\"av_textblock_section \"  itemscope=\"itemscope\" itemtype=\"https:\/\/schema.org\/CreativeWork\" ><div class='avia_textblock  '   itemprop=\"text\" ><p style=\"text-align: center;\"><strong>Tytu\u0142 klasztoru:\u00a0\u015awi\u0119ty Antoni Padewski\u00a0<\/strong><\/p>\n<p style=\"text-align: center;\">Stoczek 133<\/p>\n<p style=\"text-align: center;\">21-306 CZEMIERNIKI<\/p>\n<p style=\"text-align: center;\">tel.(083) 351-50-22<\/p>\n<p style=\"text-align: center;\">e-mail: stoczek@franciszkanie-warszawa.pl<\/p>\n<p style=\"text-align: center;\">Gwardianem klasztoru jest o. Grzegorz Kwiecie\u0144<\/p>\n<\/div><\/section><\/div><div class=\"flex_column av_one_half  av-animated-generic bottom-to-top  flex_column_div av-zero-column-padding first  avia-builder-el-6  el_after_av_one_full  el_before_av_one_half  column-top-margin\" style='border-radius:0px; '><section class=\"av_textblock_section \"  itemscope=\"itemscope\" itemtype=\"https:\/\/schema.org\/CreativeWork\" ><div class='avia_textblock  '   itemprop=\"text\" ><p>Rys historyczny<\/p>\n<p>Nazwa Stoczek cz\u0119sto pojawia si\u0119 na mapie Polski, najcz\u0119\u015bciej z przymiotnikiem: Klasztorny, \u0141ukowski; Kocki.<\/p>\n<p>&#8220;Nasz&#8221; Stoczek &#8211; to niewielka wioska na pograniczu Podlasia i Lubelszczyzny, zwanym Polesiem Lubelskim; w wojew\u00f3dztwie lubelskim, w powiecie radzy\u0144sko-podlaskim, w gminie Czemierniki, w po\u0142owie drogi mi\u0119dzy Czemiernikami a Siemieniem, blisko rzeki Ty\u015bmienicy, kt\u00f3ra jest granic\u0105 archidiecezji lubelskiej i diecezji siedleckiej.<\/p>\n<p>Jest to ziemia bardzo spokojna, swojska, urodzajna, bogata w lasy parczewskie i stawy rybne. W roku 1988 rodze\u0144stwo, Marianna i Jan Machoniowie, przekazali prowincji warszawskiej swoj\u0105 ojcowizn\u0119 z polem, lasem, ogrodem, pasiek\u0105, stawem, zabudowaniami gospodarczymi i niewielkim domem murowanym. Dwa lata p\u00f3\u017aniej &#8211; za rz\u0105d\u00f3w wikariusza prowincji, o. Fabiana Pi\u0119tki &#8211; przybyli pierwsi franciszkanie, mimo zdecydowanych sprzeciw\u00f3w miejscowego proboszcza, \u015bp. ks. Jana Podd\u0119bniaka. Pionierem by\u0142 o. Mieczys\u0142aw Seroczy\u0144ski, do\u015bwiadczony zakonnik, cierpliwy, wytrwa\u0142y i pobo\u017cny.<\/p>\n<\/div><\/section><\/div><\/p>\n<div class=\"flex_column av_one_half  av-animated-generic bottom-to-top  flex_column_div av-zero-column-padding   avia-builder-el-8  el_after_av_one_half  el_before_av_one_half  column-top-margin\" style='border-radius:0px; '><section class=\"av_textblock_section \"  itemscope=\"itemscope\" itemtype=\"https:\/\/schema.org\/CreativeWork\" ><div class='avia_textblock  '   itemprop=\"text\" ><p>Po przeprowadzeniu generalnego remontu i przebudowy (wygospodarowano na poddaszu dwa pokoje z \u0142azienk\u0105), w dolnych pomieszczeniach z przybud\u00f3wk\u0105 otwarto kaplic\u0119 p\u00f3\u0142publiczn\u0105 z codzienn\u0105 msz\u0105 dla okolicznych mieszka\u0144c\u00f3w.<\/p>\n<p>Za pozwoleniem metropolity lubelskiego, arcybpa J\u00f3zefa \u017byci\u0144skiego, z 2 czerwca 1998 roku, odby\u0142a si\u0119 podnios\u0142a uroczysto\u015b\u0107 po\u015bwi\u0119cenia krzy\u017ca i placu oraz wmurowania kamienia w\u0119gielnego, wyj\u0119tego z bazyliki \u015awi\u0119tego z Padwy, pod franciszka\u0144ski i spo\u0142eczny dom pomocy charytatywnej. Mia\u0142o to miejsce dnia 13 czerwca 1998 roku, mszy polowej przewodniczy\u0142 sufragan siedlecki, bp Wac\u0142aw Skomorucha, w koncelebrze duchowie\u0144stwa zakonnego i diecezjalnego. Dla porz\u0105dku zakonnego &#8211; ju\u017c po p\u00f3\u0142 roku za\u0142o\u017cenia kanonicznego klasztoru w Siedlcach &#8211; rezydencja w Stoczku zosta\u0142a dnia 15 grudnia 1998 roku podniesiona do stopnia domu filialnego w\/w konwentu jako macierzystego. Uko\u0144czono ju\u017c budow\u0119 klasztoru. W 2011 bp Ryszard Karpi\u0144ski dokona\u0142 konsekracji ko\u015bcio\u0142a. Zaplecze modlitewne, to przede wszystkim wtorkowe nabo\u017ce\u0144stwa do Cudotw\u00f3rcy, obecnego w swoich relikwiach.<\/p>\n<\/div><\/section><\/div>\n<div class=\"flex_column av_one_half  av-animated-generic bottom-to-top  flex_column_div av-zero-column-padding first  avia-builder-el-10  el_after_av_one_half  el_before_av_one_half  column-top-margin\" style='border-radius:0px; '><p><div  style='padding-bottom:0px; ' class='av-special-heading av-special-heading-h2  blockquote modern-quote  avia-builder-el-11  el_before_av_hr  avia-builder-el-first  '><h2 class='av-special-heading-tag '  itemprop=\"headline\"  >Jak nas znale\u017a\u0107<\/h2><div class='special-heading-border'><div class='special-heading-inner-border' ><\/div><\/div><\/div><br \/>\n<div  style=' margin-top:10px; margin-bottom:10px;'  class='hr hr-custom hr-left hr-icon-no   avia-builder-el-12  el_after_av_heading  el_before_av_google_map  avia-builder-el-last '><span class='hr-inner  inner-border-av-border-fat' style=' width:50px; border-color:#efbb20;' ><span class='hr-inner-style'><\/span><\/span><\/div><br \/>\n<div  class='av_gmaps_sc_main_wrap av_gmaps_main_wrap '><div id='av_gmap_0' class='avia-google-map-container avia-google-map-sc av_gmaps_show_unconditionally av-no-fallback-img ' data-mapid='av_gmap_0'  style='height: 400px;'><a class=\"av_gmaps_browser_disabled av_text_confirm_link av_text_confirm_link_visible\" href=\"https:\/\/www.google.com\/maps\/search\/?api=1&#038;query=Stoczek%20133%20%20%20%20Poland\" target=\"_blank\" rel=\"noopener\">Maps were disabled by the visitor on this site. Click to open the map in a new window.<\/a><\/div><\/div><\/p><\/div>\n<div class=\"flex_column av_one_half  av-animated-generic bottom-to-top  flex_column_div av-zero-column-padding   avia-builder-el-14  el_after_av_one_half  avia-builder-el-last  column-top-margin\" style='border-radius:0px; '><div id='av-masonry-1' class='av-masonry  noHover av-flex-size av-large-gap av-hover-overlay-active av-masonry-animation-active av-masonry-col-flexible av-caption-always av-caption-style- av-masonry-gallery     '  ><div class='av-masonry-container isotope av-js-disabled ' ><div class='av-masonry-entry isotope-item av-masonry-item-no-image '><\/div><a href=\"https:\/\/www.franciszkanie-warszawa.pl\/wp-content\/uploads\/2015\/12\/039.jpg\"  aria-label=\"image 039\"  id='av-masonry-1-item-3391' data-av-masonry-item='3391' class='av-masonry-entry isotope-item post-3391 attachment type-attachment status-inherit hentry  av-masonry-item-with-image' title=\"039\" alt=\"\"   itemprop=\"thumbnailUrl\" ><div class='av-inner-masonry-sizer'><\/div><figure class='av-inner-masonry main_color'><div class=\"av-masonry-outerimage-container\"><div class=\"av-masonry-image-container\" ><img decoding=\"async\" width=\"560\" height=\"352\" class=\"wp-image-3391 avia-img-lazy-loading-not-3391\"  src=\"https:\/\/www.franciszkanie-warszawa.pl\/wp-content\/uploads\/2015\/12\/039.jpg\" title=\"039\" alt=\"\" srcset=\"https:\/\/www.franciszkanie-warszawa.pl\/wp-content\/uploads\/2015\/12\/039.jpg 560w, https:\/\/www.franciszkanie-warszawa.pl\/wp-content\/uploads\/2015\/12\/039-300x189.jpg 300w, https:\/\/www.franciszkanie-warszawa.pl\/wp-content\/uploads\/2015\/12\/039-450x283.jpg 450w\" sizes=\"(max-width: 560px) 100vw, 560px\" \/><\/div><\/div><\/figure><\/a><!--end av-masonry entry--><a href=\"https:\/\/www.franciszkanie-warszawa.pl\/wp-content\/uploads\/2015\/12\/20110602b.png\"  aria-label=\"image 20110602b\"  id='av-masonry-1-item-3392' data-av-masonry-item='3392' class='av-masonry-entry isotope-item post-3392 attachment type-attachment status-inherit hentry  av-masonry-item-with-image' title=\"20110602b\" alt=\"\"   itemprop=\"thumbnailUrl\" ><div class='av-inner-masonry-sizer'><\/div><figure class='av-inner-masonry main_color'><div class=\"av-masonry-outerimage-container\"><div class=\"av-masonry-image-container\" ><img decoding=\"async\" width=\"704\" height=\"536\" class=\"wp-image-3392 avia-img-lazy-loading-not-3392\"  src=\"https:\/\/www.franciszkanie-warszawa.pl\/wp-content\/uploads\/2015\/12\/20110602b.png\" title=\"20110602b\" alt=\"\" srcset=\"https:\/\/www.franciszkanie-warszawa.pl\/wp-content\/uploads\/2015\/12\/20110602b.png 704w, https:\/\/www.franciszkanie-warszawa.pl\/wp-content\/uploads\/2015\/12\/20110602b-300x228.png 300w, https:\/\/www.franciszkanie-warszawa.pl\/wp-content\/uploads\/2015\/12\/20110602b-450x343.png 450w\" sizes=\"(max-width: 704px) 100vw, 704px\" \/><\/div><\/div><\/figure><\/a><!--end av-masonry entry--><\/div><\/div><\/div>\n","protected":false},"excerpt":{"rendered":"","protected":false},"author":1,"featured_media":0,"parent":0,"menu_order":0,"comment_status":"closed","ping_status":"closed","template":"","meta":{"_crdt_document":"","footnotes":""},"class_list":["post-3390","page","type-page","status-publish","hentry"],"_links":{"self":[{"href":"https:\/\/www.franciszkanie-warszawa.pl\/index.php?rest_route=\/wp\/v2\/pages\/3390","targetHints":{"allow":["GET"]}}],"collection":[{"href":"https:\/\/www.franciszkanie-warszawa.pl\/index.php?rest_route=\/wp\/v2\/pages"}],"about":[{"href":"https:\/\/www.franciszkanie-warszawa.pl\/index.php?rest_route=\/wp\/v2\/types\/page"}],"author":[{"embeddable":true,"href":"https:\/\/www.franciszkanie-warszawa.pl\/index.php?rest_route=\/wp\/v2\/users\/1"}],"replies":[{"embeddable":true,"href":"https:\/\/www.franciszkanie-warszawa.pl\/index.php?rest_route=%2Fwp%2Fv2%2Fcomments&post=3390"}],"version-history":[{"count":0,"href":"https:\/\/www.franciszkanie-warszawa.pl\/index.php?rest_route=\/wp\/v2\/pages\/3390\/revisions"}],"wp:attachment":[{"href":"https:\/\/www.franciszkanie-warszawa.pl\/index.php?rest_route=%2Fwp%2Fv2%2Fmedia&parent=3390"}],"curies":[{"name":"wp","href":"https:\/\/api.w.org\/{rel}","templated":true}]}}

<div   data-size='entry_with_sidebar'  data-lightbox_size='large'  data-animation='fade'  data-conditional_play=''  data-ids='3391'  data-video_counter='0'  data-autoplay='true'  data-bg_slider='false'  data-slide_height=''  data-handle='av_slideshow'  data-interval='5'  data-class=' avia-builder-el-0  el_before_av_one_full  avia-builder-el-first  '  data-el_id=''  data-css_id=''  data-scroll_down=''  data-control_layout='av-control-hidden'  data-custom_markup=''  data-perma_caption=''  data-autoplay_stopper=''  data-image_attachment=''  data-min_height='0px'  data-lazy_loading='disabled'  data-default-height='37.988165680473'  class='avia-slideshow avia-slideshow-1  av-control-hidden av-default-height-applied avia-slideshow-entry_with_sidebar av_slideshow  avia-builder-el-0  el_before_av_one_full  avia-builder-el-first   avia-fade-slider '  itemprop="image" itemscope="itemscope" itemtype="https://schema.org/ImageObject" ><ul class='avia-slideshow-inner ' style='padding-bottom: 57.321428571429%;' ><li  class=' av-single-slide slide-1 ' ><div data-rel='slideshow-1' class='avia-slide-wrap '   ><img decoding="async" class="wp-image-3391 avia-img-lazy-loading-not-3391"  src="https://www.franciszkanie-warszawa.pl/wp-content/uploads/2015/12/039-560x321.jpg" width="560" height="321" title='039' alt=''  itemprop="thumbnailUrl"   /></div></li></ul></div>
<div class="flex_column av_one_full  av-animated-generic bottom-to-top  flex_column_div av-zero-column-padding first  avia-builder-el-1  el_after_av_slideshow  el_before_av_one_full  " style='margin-top:0px; margin-bottom:-50px; border-radius:0px; '><p><div  style='padding-bottom:0px; ' class='av-special-heading av-special-heading-h2  blockquote modern-quote  avia-builder-el-2  el_before_av_hr  avia-builder-el-first  '><h2 class='av-special-heading-tag '  itemprop="headline"  >Stoczek</h2><div class='special-heading-border'><div class='special-heading-inner-border' ></div></div></div><br />
<div  style=' margin-top:10px; margin-bottom:10px;'  class='hr hr-custom hr-left hr-icon-no   avia-builder-el-3  el_after_av_heading  avia-builder-el-last '><span class='hr-inner  inner-border-av-border-fat' style=' width:50px; border-color:#efbb20;' ><span class='hr-inner-style'></span></span></div></p></div>
<div class="flex_column av_one_full  av-animated-generic bottom-to-top  flex_column_div first  avia-builder-el-4  el_after_av_one_full  el_before_av_one_half  column-top-margin" style='border-width:1px; border-color:#e1e1e1; border-style:solid; padding:20px; background-color:#fcfcfc; border-radius:0px; '><section class="av_textblock_section "  itemscope="itemscope" itemtype="https://schema.org/CreativeWork" ><div class='avia_textblock  '   itemprop="text" ><p style="text-align: center;"><strong>Tytuł klasztoru: Święty Antoni Padewski </strong></p>
<p style="text-align: center;">Stoczek 133</p>
<p style="text-align: center;">21-306 CZEMIERNIKI</p>
<p style="text-align: center;">tel.(083) 351-50-22</p>
<p style="text-align: center;">e-mail: stoczek@franciszkanie-warszawa.pl</p>
<p style="text-align: center;">Gwardianem klasztoru jest o. Grzegorz Kwiecień</p>
</div></section></div><div class="flex_column av_one_half  av-animated-generic bottom-to-top  flex_column_div av-zero-column-padding first  avia-builder-el-6  el_after_av_one_full  el_before_av_one_half  column-top-margin" style='border-radius:0px; '><section class="av_textblock_section "  itemscope="itemscope" itemtype="https://schema.org/CreativeWork" ><div class='avia_textblock  '   itemprop="text" ><p>Rys historyczny</p>
<p>Nazwa Stoczek często pojawia się na mapie Polski, najczęściej z przymiotnikiem: Klasztorny, Łukowski; Kocki.</p>
<p>&#8220;Nasz&#8221; Stoczek &#8211; to niewielka wioska na pograniczu Podlasia i Lubelszczyzny, zwanym Polesiem Lubelskim; w województwie lubelskim, w powiecie radzyńsko-podlaskim, w gminie Czemierniki, w połowie drogi między Czemiernikami a Siemieniem, blisko rzeki Tyśmienicy, która jest granicą archidiecezji lubelskiej i diecezji siedleckiej.</p>
<p>Jest to ziemia bardzo spokojna, swojska, urodzajna, bogata w lasy parczewskie i stawy rybne. W roku 1988 rodzeństwo, Marianna i Jan Machoniowie, przekazali prowincji warszawskiej swoją ojcowiznę z polem, lasem, ogrodem, pasieką, stawem, zabudowaniami gospodarczymi i niewielkim domem murowanym. Dwa lata później &#8211; za rządów wikariusza prowincji, o. Fabiana Piętki &#8211; przybyli pierwsi franciszkanie, mimo zdecydowanych sprzeciwów miejscowego proboszcza, śp. ks. Jana Poddębniaka. Pionierem był o. Mieczysław Seroczyński, doświadczony zakonnik, cierpliwy, wytrwały i pobożny.</p>
</div></section></div></p>
<div class="flex_column av_one_half  av-animated-generic bottom-to-top  flex_column_div av-zero-column-padding   avia-builder-el-8  el_after_av_one_half  el_before_av_one_half  column-top-margin" style='border-radius:0px; '><section class="av_textblock_section "  itemscope="itemscope" itemtype="https://schema.org/CreativeWork" ><div class='avia_textblock  '   itemprop="text" ><p>Po przeprowadzeniu generalnego remontu i przebudowy (wygospodarowano na poddaszu dwa pokoje z łazienką), w dolnych pomieszczeniach z przybudówką otwarto kaplicę półpubliczną z codzienną mszą dla okolicznych mieszkańców.</p>
<p>Za pozwoleniem metropolity lubelskiego, arcybpa Józefa Życińskiego, z 2 czerwca 1998 roku, odbyła się podniosła uroczystość poświęcenia krzyża i placu oraz wmurowania kamienia węgielnego, wyjętego z bazyliki Świętego z Padwy, pod franciszkański i społeczny dom pomocy charytatywnej. Miało to miejsce dnia 13 czerwca 1998 roku, mszy polowej przewodniczył sufragan siedlecki, bp Wacław Skomorucha, w koncelebrze duchowieństwa zakonnego i diecezjalnego. Dla porządku zakonnego &#8211; już po pół roku założenia kanonicznego klasztoru w Siedlcach &#8211; rezydencja w Stoczku została dnia 15 grudnia 1998 roku podniesiona do stopnia domu filialnego w/w konwentu jako macierzystego. Ukończono już budowę klasztoru. W 2011 bp Ryszard Karpiński dokonał konsekracji kościoła. Zaplecze modlitewne, to przede wszystkim wtorkowe nabożeństwa do Cudotwórcy, obecnego w swoich relikwiach.</p>
</div></section></div>
<div class="flex_column av_one_half  av-animated-generic bottom-to-top  flex_column_div av-zero-column-padding first  avia-builder-el-10  el_after_av_one_half  el_before_av_one_half  column-top-margin" style='border-radius:0px; '><p><div  style='padding-bottom:0px; ' class='av-special-heading av-special-heading-h2  blockquote modern-quote  avia-builder-el-11  el_before_av_hr  avia-builder-el-first  '><h2 class='av-special-heading-tag '  itemprop="headline"  >Jak nas znaleźć</h2><div class='special-heading-border'><div class='special-heading-inner-border' ></div></div></div><br />
<div  style=' margin-top:10px; margin-bottom:10px;'  class='hr hr-custom hr-left hr-icon-no   avia-builder-el-12  el_after_av_heading  el_before_av_google_map  avia-builder-el-last '><span class='hr-inner  inner-border-av-border-fat' style=' width:50px; border-color:#efbb20;' ><span class='hr-inner-style'></span></span></div><br />
<div  class='av_gmaps_sc_main_wrap av_gmaps_main_wrap '><div id='av_gmap_0' class='avia-google-map-container avia-google-map-sc av_gmaps_show_unconditionally av-no-fallback-img ' data-mapid='av_gmap_0'  style='height: 400px;'><a class="av_gmaps_browser_disabled av_text_confirm_link av_text_confirm_link_visible" href="https://www.google.com/maps/search/?api=1&#038;query=Stoczek%20133%20%20%20%20Poland" target="_blank" rel="noopener">Maps were disabled by the visitor on this site. Click to open the map in a new window.</a></div></div></p></div>
<div class="flex_column av_one_half  av-animated-generic bottom-to-top  flex_column_div av-zero-column-padding   avia-builder-el-14  el_after_av_one_half  avia-builder-el-last  column-top-margin" style='border-radius:0px; '><div id='av-masonry-1' class='av-masonry  noHover av-flex-size av-large-gap av-hover-overlay-active av-masonry-animation-active av-masonry-col-flexible av-caption-always av-caption-style- av-masonry-gallery     '  ><div class='av-masonry-container isotope av-js-disabled ' ><div class='av-masonry-entry isotope-item av-masonry-item-no-image '></div><a href="https://www.franciszkanie-warszawa.pl/wp-content/uploads/2015/12/039.jpg"  aria-label="image 039"  id='av-masonry-1-item-3391' data-av-masonry-item='3391' class='av-masonry-entry isotope-item post-3391 attachment type-attachment status-inherit hentry  av-masonry-item-with-image' title="039" alt=""   itemprop="thumbnailUrl" ><div class='av-inner-masonry-sizer'></div><figure class='av-inner-masonry main_color'><div class="av-masonry-outerimage-container"><div class="av-masonry-image-container" ><img decoding="async" width="560" height="352" class="wp-image-3391 avia-img-lazy-loading-not-3391"  src="https://www.franciszkanie-warszawa.pl/wp-content/uploads/2015/12/039.jpg" title="039" alt="" srcset="https://www.franciszkanie-warszawa.pl/wp-content/uploads/2015/12/039.jpg 560w, https://www.franciszkanie-warszawa.pl/wp-content/uploads/2015/12/039-300x189.jpg 300w, https://www.franciszkanie-warszawa.pl/wp-content/uploads/2015/12/039-450x283.jpg 450w" sizes="(max-width: 560px) 100vw, 560px" /></div></div></figure></a><!--end av-masonry entry--><a href="https://www.franciszkanie-warszawa.pl/wp-content/uploads/2015/12/20110602b.png"  aria-label="image 20110602b"  id='av-masonry-1-item-3392' data-av-masonry-item='3392' class='av-masonry-entry isotope-item post-3392 attachment type-attachment status-inherit hentry  av-masonry-item-with-image' title="20110602b" alt=""   itemprop="thumbnailUrl" ><div class='av-inner-masonry-sizer'></div><figure class='av-inner-masonry main_color'><div class="av-masonry-outerimage-container"><div class="av-masonry-image-container" ><img decoding="async" width="704" height="536" class="wp-image-3392 avia-img-lazy-loading-not-3392"  src="https://www.franciszkanie-warszawa.pl/wp-content/uploads/2015/12/20110602b.png" title="20110602b" alt="" srcset="https://www.franciszkanie-warszawa.pl/wp-content/uploads/2015/12/20110602b.png 704w, https://www.franciszkanie-warszawa.pl/wp-content/uploads/2015/12/20110602b-300x228.png 300w, https://www.franciszkanie-warszawa.pl/wp-content/uploads/2015/12/20110602b-450x343.png 450w" sizes="(max-width: 704px) 100vw, 704px" /></div></div></figure></a><!--end av-masonry entry--></div></div></div>
